2
1a7571
Convert -31561650 (base 8) to base 4.
-121232032220
-62067b (base 15) to base 9
-8680808
Convert b77189 (base 14) to base 5.
3042021001
Convert 6347975 (base 10) to base 8.
30156307
e43f (base 16) to base 2
1110010000111111
241831 (base 9) to base 4
203211103
Convert -553811 (base 14) to base 5.
-1220003030
Convert 302055412 (base 6) to base 14.
97b1ba
-4592da (base 14) to base 7
-26063463
What is -2437665 (base 8) in base 16?
-a3fb5
What is -2125361 (base 7) in base 2?
-111111001011111100
-2104142 (base 5) to base 16
-886a
What is -31398a1 (base 13) in base 9?
-31128372
Convert -10110000100110100 (base 2) to base 8.
-260464
Convert 472680 (base 12) to base 11.
7121a5
Convert -113200023203 (base 4) to base 10.
-6161123
2352a36 (base 13) to base 12
37a5467
Convert -8ce5 (base 15) to base 13.
-10802
-74c85 (base 13) to base 3
-101201020100
803617 (base 9) to base 6
14103241
Convert -1532523 (base 6) to base 7.
-523353
Convert 135770 (base 9) to base 6.
1440143
What is -1054a23 (base 12) in base 5?
-1243114133
Convert -278a5 (base 11) to base 15.
-bb57
-67eb8e (base 15) to base 7
-60110024
What is -10fb20 (base 16) in base 6?
-35504052
Convert 1011001110011100010100 (base 2) to base 11.
172aa19
What is -215a19 (base 12) in base 3?
-222211222010
Convert 34466771 (base 8) to base 14.
dd2d73
-10101010101110110 (base 2) to base 10
-87414
Convert 4955885 (base 10) to base 16.
4b9eed
3a323 (base 13) to base 2
11010011010011101
-142228 (base 11) to base 5
-24110144
-44000102 (base 5) to base 8
-1334363
What is -100002201001 (base 3) in base 7?
-1344133
Convert -12a9ab (base 14) to base 11.
-3aa945
What is -576a6ba (base 12) in base 6?
-1400220354
115360562 (base 7) to base 11
40a6889
What is -dba766 (base 14) in base 12?
-25ab49a
What is -44223 (base 9) in base 10?
-29343
-49a12a0 (base 11) to base 6
-510042432
170628 (base 10) to base 2
101001101010000100
1078585 (base 10) to base 4
10013110321
1006555 (base 7) to base 15
25847
Convert 221201222210 (base 3) to base 12.
205249
2cec1 (base 15) to base 4
203122321
-77667 (base 14) to base 10
-289387
Convert 2686a6 (base 11) to base 6.
13011034
Convert -1104525 (base 7) to base 13.
-49c38
Convert -408291 (base 10) to base 13.
-113ac0
What is -2a50 (base 11) in base 4?
-331113
What is -317234 (base 16) in base 15?
-440235
77743 (base 8) to base 11
22663
What is 1130424134 (base 5) in base 10?
2592419
What is -47a077 (base 14) in base 16?
-255989
What is -2450a6 (base 11) in base 12?
-168265
-129d35 (base 14) to base 3
-1012121120211
Convert 4b60c6 (base 13) to base 9.
3362476
What is fe406 (base 16) in base 11?
651480
Convert -1341303200 (base 5) to base 15.
-4860ba
102333 (base 11) to base 5
20222422
What is -102851a (base 15) in base 10?
-11520025
-405605 (base 11) to base 12
-2750b2
Convert 764142 (base 8) to base 10.
256098
What is -4424562 (base 7) in base 14?
-1024d9
Convert 15011a (base 11) to base 10.
234398
196723 (base 10) to base 14
51999
ee362 (base 15) to base 3
1102110002102
56591 (base 10) to base 14
168a3
What is 3730573 (base 8) in base 14?
1cab47
Convert -2a6a16 (base 15) to base 13.
-568c68
-1513 (base 8) to base 11
-6a7
What is 101101100101101101110111 (base 2) in base 11?
6822a36
-c09414 (base 13) to base 2
-10001000100110001001110
Convert 1c88b (base 16) to base 6.
2301031
Convert 206224 (base 8) to base 9.
114275
What is -16826b (base 13) in base 8?
-2107026
-157a9d (base 14) to base 2
-10110111011001101011
What is 5308 (base 16) in base 2?
101001100001000
What is -12330214 (base 5) in base 11?
-82743
Convert 1a1332 (base 11) to base 2.
1001011011111000110
What is 1919 (base 13) in base 7?
13622
What is -21201016 (base 7) in base 14?
-34b70d
-402831 (base 9) to base 16
-3a2fa
Convert -d41b9d (base 14) to base 3.
-111110021112012
What is -104110112 (base 5) in base 14?
-bc723
What is 359096 (base 13) in base 3?
2101212010202
Convert -41322114 (base 6) to base 12.
-49633a
What is 116434152 (base 7) in base 6?
421544543
Convert 164215 (base 8) to base 13.
21136
What is -13565431 (base 7) in base 10?
-1276864
-d06b6 (base 14) to base 12
-201948
Convert d41ad8 (base 16) to base 9.
28135814
What is c7c7a7 (base 15) in base 10?
9509107
234203404 (base 6) to base 12
1583564
-2296 (base 10) to base 16
-8f8
What is 2c442 (base 14) in base 8?
330012
What is -c88da (base 14) in base 15?
-98939
What is -1000000110000011 (base 2) in base 10?
-33155
3102234 (base 5) to base 15
ed99
What is -100121000110 (base 4) in base 7?
-51343615
What is 255363 (base 13) in base 5?
212200324
Convert -224010213 (base 6) to base 7.
-46624032
-98ee5 (base 15) to base 2
-1110110101001100110
What is -79b4 (base 12) in base 8?
-32330
343512a (base 11) to base 3
102022022122110
What is -17ac84 (base 14) in base 16?
-cc424
16c47 (base 14) to base 12
291a7
-1020011200 (base 3) to base 6
-303543
1b89a97 (base 12) to base 14
ada547
Convert 13176c8 (base 13) to base 4.
112311120032
Convert -168f5 (base 16) to base 5.
-10424110
What is 201020221101 (base 3) in base 9?
636841
What is 102210000203 (base 4) in base 8?
22440043
What is ca9404 (base 13) in base 7?
55321104
What is -156445 (base 9) in base 2?
-10111100101010001
Convert 33215125 (base 9) to base 6.
1332245422
What is a577a (base 11) in base 5?
14411444
Convert 1ff76 (base 16) to base 11.
8a411
Convert 414a8b (base 13) to base 16.
174266
What is -3c98 (base 16) in base 9?
-23245
-414212 (base 5) to base 12
-7b02
-274623 (base 8) to base 11
-66692
10111101100 (base 3) to base 9
114340
122302102231 (base 4) to base 8
32622255
What is 122202133103 (base 4) in base 3?
111002110020002
Convert -414765 (base 10) to base 6.
-12520113
What is -3d409e (base 15) in base 12?
-ba314b
What is 12e464 (base 16) in base 15?
196cb1
221563531 (base 7) to base 15
1298934
Convert -3bb674 (base 15) to base 8.
-12754360
Convert -151041015 (base 6) to base 14.
-5b724b
What is -1001341 (base 7) in base 9?
-200077
Convert 2a7103 (base 11) to base 13.
139718
Convert 1111001100110010100001 (base 2) to base 9.
7442682
What is -2066664 (base 7) in base 4?
-331203012
What is a1708 (base 11) in base 12?
71bb0
What is 1735e (base 15) in base 4?
102110012
What is -b699d (base 14) in base 6?
-13241223
29a8708 (base 11) to base 15
6bb114
What is -10202221010202 (base 3) in base 11?
-1150408
Convert -165700 (base 8) to base 6.
-1143224
What is -73c1 (base 13) in base 8?
-37253
Convert 1626434 (base 7) to base 6.
4500152
Convert -2746774 (base 9) to base 6.
-52151021
Convert 7cb13 (base 15) to base 5.
100203433
-533433 (base 6) to base 16
-aa3d
What is 10010001010111101110110 (base 2) in base 13?
caa25b
Convert 221010110131 (base 4) to base 5.
10223444342
What is -30433615 (base 7) in base 15?
-35474a
What is -6a0418 (base 11) in base 2?
-100001111110010000011
What is 100011222011 (base 3) in base 9?
304864
-84469 (base 11) to base 6
-2345255
What is b37fe (base 16) in base 2?
10110011011111111110
44b236 (base 15) to base 7
36600522
Convert 1035051555 (base 6) to base 7.
163560503
What is 101010110111011010 (base 2) in base 4?
222313122
Convert ab38a (base 12) to base 2.
110111011001011010
Convert 30736120 (base 8) to base 6.
352032304
Convert 2833683 (base 9) to base 7.
16145262
What is -12012211202 (base 3) in base 5?
-11241144
Convert -6200673 (base 9) to base 2.
-1100100111011100100000
What is 421679 (base 10) in base 7?
3404246
What is -26417c (base 16) in base 13?
-69a214
Convert -2231a9 (base 11) to base 16.
-56d21
Convert 2a3bed (base 15) to base 13.
564718
Convert -fb08 (base 16) to base 14.
-195c4
Convert -1010111011011000010 (base 2) to base 6.
-11401442
379058 (base 16) to base 3
20212000002212
What is 1994254 (base 11) in base 12?
115b63a
2d00b (base 14) to base 12
55143
Convert 23413232 (base 5) to base 15.
44312
271153 (base 9) to base 12
7b503
What is 13101417 (base 9) in base 12?
21a542a
-834845 (base 10) to base 12
-343165
Convert 1ab8bd1 (base 14) to base 15.
128bde8
Convert -11321240 (base 5) to base 16.
-1987a
-33333232111 (base 4) to base 13
-b3a78a
-1123011003 (base 4) to base 6
-11555043
Convert 709a3a (base 11) to base 14.
219949
-1214032 (base 5) to base 12
-113a1
What is 9cb084 (base 13) in base 15?
4d3cce
-311089 (base 10) to base 14
-81529
What is 652263 (base 8